{"id":195,"date":"2026-09-02T12:24:15","date_gmt":"2026-09-02T11:24:15","guid":{"rendered":"https:\/\/www.untiodehuesca.com\/?post_type=tribe_events&#038;p=195"},"modified":"2026-09-02T12:24:15","modified_gmt":"2026-09-02T11:24:15","slug":"foro-adea-con-javier-tebas-en-huesca","status":"publish","type":"tribe_events","link":"https:\/\/www.untiodehuesca.com\/index.php\/evento\/foro-adea-con-javier-tebas-en-huesca\/","title":{"rendered":"Foro ADEA con Javier Tebas en Huesca"},"content":{"rendered":"<p>El pr\u00f3ximo <strong>16 de septiembre<\/strong> asistir\u00e9 al Foro ADEA en Huesca, una cita muy recomendable para empresarios, directivos y profesionales interesados en liderazgo, tecnolog\u00eda, entretenimiento y gesti\u00f3n estrat\u00e9gica.<\/p>\n<p class=\"my-2 [&amp;+p]:mt-4 [&amp;_strong:has(+br)]:inline-block [&amp;_strong:has(+br)]:align-top\">En esta edici\u00f3n, el protagonista ser\u00e1 <strong>Javier Tebas<\/strong>, presidente de LaLiga y una de las figuras m\u00e1s influyentes en la transformaci\u00f3n del f\u00fatbol profesional y la industria deportiva a nivel internacional.<\/p>\n<p class=\"my-2 [&amp;+p]:mt-4 [&amp;_strong:has(+br)]:inline-block [&amp;_strong:has(+br)]:align-top\">Tras la emoci\u00f3n del Mundial 2026, ser\u00e1 una buena oportunidad para conocer de primera mano c\u00f3mo evolucionan el negocio del deporte, los derechos audiovisuales y los nuevos h\u00e1bitos de consumo de contenidos.<\/p>\n<p class=\"my-2 [&amp;+p]:mt-4 [&amp;_strong:has(+br)]:inline-block [&amp;_strong:has(+br)]:align-top\">Durante el encuentro se abordar\u00e1n cuestiones como:<\/p>\n<ul>\n<li class=\"my-2 [&amp;+p]:mt-4 [&amp;_strong:has(+br)]:inline-block [&amp;_strong:has(+br)]:align-top\">La evoluci\u00f3n del f\u00fatbol profesional y las tendencias de digitalizaci\u00f3n que marcar\u00e1n su futuro.<\/li>\n<li class=\"my-2 [&amp;+p]:mt-4 [&amp;_strong:has(+br)]:inline-block [&amp;_strong:has(+br)]:align-top\">El control econ\u00f3mico y la sostenibilidad financiera de las organizaciones deportivas.<\/li>\n<li class=\"my-2 [&amp;+p]:mt-4 [&amp;_strong:has(+br)]:inline-block [&amp;_strong:has(+br)]:align-top\">El impacto de las plataformas de contenidos, la pirater\u00eda y los cambios en el consumo audiovisual.<\/li>\n<li class=\"my-2 [&amp;+p]:mt-4 [&amp;_strong:has(+br)]:inline-block [&amp;_strong:has(+br)]:align-top\">Las claves para competir y liderar en un entorno de entretenimiento cada vez m\u00e1s global, din\u00e1mico y exigente.<\/li>\n<\/ul>\n<p class=\"my-2 [&amp;+p]:mt-4 [&amp;_strong:has(+br)]:inline-block [&amp;_strong:has(+br)]:align-top\">Adem\u00e1s de la charla y el coloquio, el evento comenzar\u00e1 con un caf\u00e9 de networking. Un espacio perfecto para coincidir con empresarios y profesionales de Huesca, compartir ideas y generar nuevas conexiones.<\/p>\n<h2 id=\"datos-del-evento\" class=\"font-semibold leading-tight text-pretty mb-2 mt-4 [[data-has-inline-images]_&amp;]:clear-end text-base first:mt-0\">Datos del evento<\/h2>\n<ul>\n<li class=\"my-2 [&amp;+p]:mt-4 [&amp;_strong:has(+br)]:inline-block [&amp;_strong:has(+br)]:align-top\"><strong>Fecha:<\/strong> 16 de septiembre<\/li>\n<li class=\"my-2 [&amp;+p]:mt-4 [&amp;_strong:has(+br)]:inline-block [&amp;_strong:has(+br)]:align-top\"><strong>Horario:<\/strong> recepci\u00f3n y caf\u00e9 networking a las 9:30 h.; inicio a las 10:00 h.<\/li>\n<li class=\"my-2 [&amp;+p]:mt-4 [&amp;_strong:has(+br)]:inline-block [&amp;_strong:has(+br)]:align-top\"><strong>Lugar:<\/strong> Sal\u00f3n de Actos de la Diputaci\u00f3n Provincial de Huesca<\/li>\n<li class=\"my-2 [&amp;+p]:mt-4 [&amp;_strong:has(+br)]:inline-block [&amp;_strong:has(+br)]:align-top\"><strong>Direcci\u00f3n:<\/strong> C. Porches de Galicia, 4, 22002 Huesca<\/li>\n<\/ul>\n<p class=\"my-2 [&amp;+p]:mt-4 [&amp;_strong:has(+br)]:inline-block [&amp;_strong:has(+br)]:align-top\">Si te interesa entender mejor hacia d\u00f3nde va la industria del deporte, la tecnolog\u00eda aplicada al entretenimiento y la gesti\u00f3n de grandes organizaciones, <strong>an\u00edmate a apuntarte y nos vemos all\u00ed<\/strong>.<\/p>\n","protected":false},"excerpt":{"rendered":"<p>El pr\u00f3ximo 16 de septiembre asistir\u00e9 al Foro ADEA en Huesca, una cita muy recomendable para empresarios, directivos y profesionales interesados en liderazgo, tecnolog\u00eda, entretenimiento y gesti\u00f3n estrat\u00e9gica. En esta [&hellip;]<\/p>\n","protected":false},"author":1,"featured_media":196,"template":"","meta":{"_EventAllDay":false,"_EventTimezone":"UTC+1","_EventStartDate":"2026-09-16 09:30:00","_EventEndDate":"2026-09-16 11:15:00","_EventStartDateUTC":"2026-09-16 07:30:00","_EventEndDateUTC":"2026-09-16 09:15:00","_EventShowMap":true,"_EventShowMapLink":true,"_EventURL":"https:\/\/www.directivosadea.com\/actividad\/Foro-ADEA-Javier-Tebas","_EventCost":"0","_EventCostDescription":"","_EventCurrencySymbol":"\u20ac","_EventCurrencyCode":"EUR","_EventCurrencyPosition":"prefix","_EventDateTimeSeparator":"","_EventTimeRangeSeparator":"","_EventOrganizerID":[],"_EventVenueID":[],"_OrganizerEmail":"","_OrganizerPhone":"","_OrganizerWebsite":"","_VenueAddress":"","_VenueCity":"","_VenueCountry":"","_VenueProvince":"","_VenueState":"","_VenueZip":"","_VenuePhone":"","_VenueURL":"","_VenueStateProvince":"","_VenueLat":"","_VenueLng":"","_VenueShowMap":false,"_VenueShowMapLink":false,"_tribe_events_status":"","_tribe_events_status_reason":"","footnotes":""},"tags":[],"tribe_events_cat":[],"class_list":["post-195","tribe_events","type-tribe_events","status-publish","has-post-thumbnail","hentry"],"_links":{"self":[{"href":"https:\/\/www.untiodehuesca.com\/index.php\/wp-json\/wp\/v2\/tribe_events\/195","targetHints":{"allow":["GET"]}}],"collection":[{"href":"https:\/\/www.untiodehuesca.com\/index.php\/wp-json\/wp\/v2\/tribe_events"}],"about":[{"href":"https:\/\/www.untiodehuesca.com\/index.php\/wp-json\/wp\/v2\/types\/tribe_events"}],"author":[{"embeddable":true,"href":"https:\/\/www.untiodehuesca.com\/index.php\/wp-json\/wp\/v2\/users\/1"}],"version-history":[{"count":4,"href":"https:\/\/www.untiodehuesca.com\/index.php\/wp-json\/wp\/v2\/tribe_events\/195\/revisions"}],"predecessor-version":[{"id":200,"href":"https:\/\/www.untiodehuesca.com\/index.php\/wp-json\/wp\/v2\/tribe_events\/195\/revisions\/200"}],"wp:featuredmedia":[{"embeddable":true,"href":"https:\/\/www.untiodehuesca.com\/index.php\/wp-json\/wp\/v2\/media\/196"}],"wp:attachment":[{"href":"https:\/\/www.untiodehuesca.com\/index.php\/wp-json\/wp\/v2\/media?parent=195"}],"wp:term":[{"taxonomy":"post_tag","embeddable":true,"href":"https:\/\/www.untiodehuesca.com\/index.php\/wp-json\/wp\/v2\/tags?post=195"},{"taxonomy":"tribe_events_cat","embeddable":true,"href":"https:\/\/www.untiodehuesca.com\/index.php\/wp-json\/wp\/v2\/tribe_events_cat?post=195"}],"curies":[{"name":"wp","href":"https:\/\/api.w.org\/{rel}","templated":true}]}}

<p>El próximo <strong>16 de septiembre</strong> asistiré al Foro ADEA en Huesca, una cita muy recomendable para empresarios, directivos y profesionales interesados en liderazgo, tecnología, entretenimiento y gestión estratégica.</p>
<p class="my-2 [&amp;+p]:mt-4 [&amp;_strong:has(+br)]:inline-block [&amp;_strong:has(+br)]:align-top">En esta edición, el protagonista será <strong>Javier Tebas</strong>, presidente de LaLiga y una de las figuras más influyentes en la transformación del fútbol profesional y la industria deportiva a nivel internacional.</p>
<p class="my-2 [&amp;+p]:mt-4 [&amp;_strong:has(+br)]:inline-block [&amp;_strong:has(+br)]:align-top">Tras la emoción del Mundial 2026, será una buena oportunidad para conocer de primera mano cómo evolucionan el negocio del deporte, los derechos audiovisuales y los nuevos hábitos de consumo de contenidos.</p>
<p class="my-2 [&amp;+p]:mt-4 [&amp;_strong:has(+br)]:inline-block [&amp;_strong:has(+br)]:align-top">Durante el encuentro se abordarán cuestiones como:</p>
<ul>
<li class="my-2 [&amp;+p]:mt-4 [&amp;_strong:has(+br)]:inline-block [&amp;_strong:has(+br)]:align-top">La evolución del fútbol profesional y las tendencias de digitalización que marcarán su futuro.</li>
<li class="my-2 [&amp;+p]:mt-4 [&amp;_strong:has(+br)]:inline-block [&amp;_strong:has(+br)]:align-top">El control económico y la sostenibilidad financiera de las organizaciones deportivas.</li>
<li class="my-2 [&amp;+p]:mt-4 [&amp;_strong:has(+br)]:inline-block [&amp;_strong:has(+br)]:align-top">El impacto de las plataformas de contenidos, la piratería y los cambios en el consumo audiovisual.</li>
<li class="my-2 [&amp;+p]:mt-4 [&amp;_strong:has(+br)]:inline-block [&amp;_strong:has(+br)]:align-top">Las claves para competir y liderar en un entorno de entretenimiento cada vez más global, dinámico y exigente.</li>
</ul>
<p class="my-2 [&amp;+p]:mt-4 [&amp;_strong:has(+br)]:inline-block [&amp;_strong:has(+br)]:align-top">Además de la charla y el coloquio, el evento comenzará con un café de networking. Un espacio perfecto para coincidir con empresarios y profesionales de Huesca, compartir ideas y generar nuevas conexiones.</p>
<h2 id="datos-del-evento" class="font-semibold leading-tight text-pretty mb-2 mt-4 [[data-has-inline-images]_&amp;]:clear-end text-base first:mt-0">Datos del evento</h2>
<ul>
<li class="my-2 [&amp;+p]:mt-4 [&amp;_strong:has(+br)]:inline-block [&amp;_strong:has(+br)]:align-top"><strong>Fecha:</strong> 16 de septiembre</li>
<li class="my-2 [&amp;+p]:mt-4 [&amp;_strong:has(+br)]:inline-block [&amp;_strong:has(+br)]:align-top"><strong>Horario:</strong> recepción y café networking a las 9:30 h.; inicio a las 10:00 h.</li>
<li class="my-2 [&amp;+p]:mt-4 [&amp;_strong:has(+br)]:inline-block [&amp;_strong:has(+br)]:align-top"><strong>Lugar:</strong> Salón de Actos de la Diputación Provincial de Huesca</li>
<li class="my-2 [&amp;+p]:mt-4 [&amp;_strong:has(+br)]:inline-block [&amp;_strong:has(+br)]:align-top"><strong>Dirección:</strong> C. Porches de Galicia, 4, 22002 Huesca</li>
</ul>
<p class="my-2 [&amp;+p]:mt-4 [&amp;_strong:has(+br)]:inline-block [&amp;_strong:has(+br)]:align-top">Si te interesa entender mejor hacia dónde va la industria del deporte, la tecnología aplicada al entretenimiento y la gestión de grandes organizaciones, <strong>anímate a apuntarte y nos vemos allí</strong>.</p>

<p>El próximo 16 de septiembre asistiré al Foro ADEA en Huesca, una cita muy recomendable para empresarios, directivos y profesionales interesados en liderazgo, tecnología, entretenimiento y gestión estratégica. En esta [&hellip;]</p>
